 s = -c + 62, 0 = -5*c + 3*s + 310. What is the units digit of c?
2
What is the hundreds digit of ((-104)/520 + (-13)/(-15))/(1/39993)?
6
Suppose 83*f + 53*f = -28*f + 6607724. What is the units digit of f?
1
Let n = 13 - 9. Let q(r) be the third derivative of r**5/15 + r**4/24 - r**3 - 595*r**2 + 3*r. What is the tens digit of q(n)?
6
Let s = -28535 - -48477. What is the ten thousands digit of s?
1
Suppose 0 = 17*c - 15*c. Suppose -6*l + 548 + 46 = c. Let g = l - 74. What is the units digit of g?
5
Suppose 0 = -6*n + 435 + 1329. Let l(t) = n*t**2 - 6*t + 0 - 6 - 289*t**2. What is the units digit of l(6)?
8
Let l = 33396 + -17031. What is the hundreds digit of l?
3
Let w(i) = i**3 - 7*i**2 + 13*i - 4. Suppose 5*z + 24 = q, -q + 2*z + 14 = 2. Suppose -2*x + 2*o = x - 25, -x + 15 = -q*o. What is the units digit of w(x)?
7
Let p(c) be the first derivative of c**4/4 - 6*c**3 - 15*c**2/2 + 28*c + 7. Let q be p(19). Suppose -t - t = -q. What is the tens digit of t?
5
Let o(a) = 993*a**2 + a + 1. Let z be o(1). Let d = 1520 - z. What is the units digit of d?
5
Let z(j) = -37*j + 367. Let i be z(31). Let d = 1509 + i. What is the hundreds digit of d?
7
Let c = -883 - -1471. What is the hundreds digit of 809760/c + 2/(-14)?
3
Suppose 4 - 12 = -4*v. Suppose 4*m = 5*u + 3334, m + 2*u + 832 = v*m. What is the tens digit of m?
3
Let t = 9 + -4. Suppose -11*z = -38 + t. Suppose 3*f + 4*w = 470, f - z*f + 304 = -2*w. What is the hundreds digit of f?
1
Let u(l) = -5*l**2 - l. Let o(j) = -44*j**2 - 6*j - 12. Let z(k) = o(k) - 9*u(k). Let d be (-105)/(-12) + (-2)/(-8). What is the tens digit of z(d)?
9
Suppose -5*b + 54832 = -4*d, 0 = 2*d + 27 - 21. What is the units digit of b?
4
Suppose -j = 15*j + 288. Let s(t) = 2*t**2 + 15*t + 38. What is the tens digit of s(j)?
1
Let f be (-2 + 54/(-15))/(2/(-10)). Let p = f - 20. Suppose -s + 15 = 3*y, -3*s + 17 = -p*y + 3*y. What is the units digit of s?
9
Suppose 1869 = 6*h - 1641. Suppose 3*b - p - h = 0, 4*b - 2*p - p = 780. Suppose -3*q = -v - b - 143, -3*q - 3*v = -354. What is the hundreds digit of q?
1
Suppose 4*q + 36 = 4*g, -3*g - 3*q = -g - 8. Let y(h) = h + 6 + 1 + 13. What is the units digit of y(g)?
7
Let q(x) = 10*x + 6. Let o be q(-1). Let b be (7/o)/((-7)/84). What is the tens digit of 782/7 - (-6)/b?
1
Suppose 15*h - 1423920 + 151530 = 0. What is the tens digit of h?
2
Let k(m) = -1221*m**2 - 43 + 14 - 7*m + 1245*m**2. What is the hundreds digit of k(-5)?
6
Let j(v) = v**2 - 39*v + 97. Suppose -3*w = -3*q - 123, -4*q + 136 + 1 = 3*w. What is the units digit of j(w)?
9
Suppose -5*r + 5 = -3*j, r + j - 4*j = 13. Let w be 5 + r + -149 - 3. What is the hundreds digit of 3/(-4)*(w - -9)?
1
Let p(l) = -88*l + 87. Let z = 505 - 515. What is the hundreds digit of p(z)?
9
Let f(m) = m**2 - 46*m + 758. What is the hundreds digit of f(17)?
2
Suppose -3*y = -9*y + 18. Suppose 4*q = -y*m + 1369, 689 = 27*q - 25*q - 3*m. What is the units digit of q?
3
What is the tens digit of (10/15 - (-2328)/36)*72?
0
Let c be (-5288)/(-48) - (-1)/(-2*3). Suppose -2*i + c = 2*q, 2*i - 5*q + 4*q = 107. What is the units digit of i?
4
Suppose 29603 = 16*m - 12*m + g, -5*m - 5*g = -36985. What is the tens digit of m?
0
Let i = 39678 + -22765. What is the tens digit of i?
1
Let p(f) = 801*f**2 + 4*f - 1. What is the hundreds digit of p(-3)?
1
Suppose 13 - 2 = j - 5*x, -4*j - 2*x = -154. Suppose -r + 14 = -j. Let d = -35 + r. What is the units digit of d?
5
Suppose 0 = -37*r + 36*r + 5. Let c(x) = -18*x + 18. Let n(f) = f + 1. Let q(p) = -c(p) - 4*n(p). What is the tens digit of q(r)?
4
Let h(t) = t**3 + t - 1. Let d(i) = -3*i**3 + 4*i**2 - 8*i + 16. Let l(w) = d(w) + 4*h(w). Let z be l(-5). Suppose z*f - 38 = 1180. What is the tens digit of f?
7
Suppose -137 - 71 = 16*h. What is the thousands digit of (215/15)/((52/(-384))/h)?
1
Let p(h) = -64*h**3 + 11*h**2 + 14*h - 118. What is the thousands digit of p(-7)?
2
Let b = -291 - -294. Suppose b*h + h = -y + 507, -1538 = -3*y + 5*h. What is the units digit of y?
1
Let n = -210 - -298. Suppose 99*m - n*m - 2266 = 0. What is the hundreds digit of m?
2
Let h = 52030 + -32054. What is the thousands digit of h?
9
Suppose -2*d + 21 = 2*b + 7, 4*d - 2*b - 16 = 0. Suppose d*c - 151 = 69. What is the tens digit of c?
4
What is the tens digit of 6663/(-2 + -9 + 12)?
6
Let f = 36 - 38. Let c be f/8 - (-5481)/36. Let m = -106 + c. What is the tens digit of m?
4
Let y(l) = -16*l + 30. Suppose 0 = 4*p + 2*h - 182, 2*p + 2*h = -h + 81. Suppose 0 = -3*s - 0*s - p. What is the units digit of y(s)?
6
Suppose u - 1 + 19 = 5*g, u + 3 = 0. Suppose -g*m - o = o - 95, -4*m + 4*o = -100. Let t = 35 + m. What is the units digit of t?
4
Let n = -22 + 27. Let a(j) = 78*j - 79. What is the tens digit of a(n)?
1
Suppose -5*m - 18 = -8*m. Let l(y) = -16*y**2 - 7*y + 63. Let s(a) = -7*a**2 - 4*a + 31. Let q(g) = -4*l(g) + 9*s(g). What is the tens digit of q(m)?
1
Let f(u) = -u**3 + 11*u**2 + 12*u + 11. Let c be f(14). Let m = -20 - c. Suppose -m = 12*d - 1829. What is the tens digit of d?
2
Let v(k) = 6*k**2 + 35*k + 397. What is the tens digit of v(-23)?
6
Suppose 4*f - 12*f - 3*f + 516131 = 0. What is the tens digit of f?
2
Let f be 154/6 - -7*(-10)/105. Suppose 5*v = 3*d + f, 3*v + d + 7 = 4*v. Suppose -12*g + 130 = -v*g. What is the units digit of g?
3
Let c(b) = -b**2 - 425. Let m be c(0). Let y = m + 599. Suppose 0 = 4*z - 12, -2*h = z - 41 - y. What is the units digit of h?
6
Let n be ((-4)/10)/((-3)/45). Let p(w) = 27 - 7*w**2 + 21*w - 29 + 7*w**3 - 6*w**3. What is the tens digit of p(n)?
8
Let f = 124 - 351. Let o = 1591 + f. What is the thousands digit of o?
1
Let a be (10/4)/((-1)/2). Let q(f) = -48*f + 22. Let x(s) = 16*s - 7. Let u(p) = 5*q(p) + 14*x(p). What is the units digit of u(a)?
2
Let h(j) = 2*j**2 - 564. What is the thousands digit of h(59)?
6
Let s(i) = 132*i - 169. Let a = -38 + 49. What is the tens digit of s(a)?
8
Let t be (-10)/5*-2 - -661. Let u = -346 + t. What is the hundreds digit of u?
3
What is the tens digit of (-14)/(-7) + -8 - -8032?
2
Let j(u) = 18*u - 41. Let r(y) = 16*y - 42. Let g(i) = -6*j(i) + 7*r(i). Let q be g(0). Let l = q - -90. What is the tens digit of l?
4
Let m(s) be the first derivative of -s**2 - s + 5. Let o be m(-2). Suppose o*y = y + 154. What is the units digit of y?
7
Let o(g) = -g**3 - 55*g**2 - 27*g + 82. What is the units digit of o(-55)?
7
Suppose -3*s = 5*j - 0*j + 2728, 4*j = 5*s - 2175. Let k = -238 - j. What is the units digit of k?
7
Let c(a) = 10*a + 5. Let r = 3 + -20. Let s = r - -28. What is the hundreds digit of c(s)?
1
Let i be 2*-2*(-36)/6. Suppose s = 2*o - 12, -2*o + 3*s + i - 8 = 0. Suppose z - 3 = p + 7, -85 = -o*z - 2*p. What is the tens digit of z?
1
What is the ten thousands digit of ((-2024)/4554)/(4/(-289854))?
3
Suppose -3*f = f. What is the units digit of (f + 2 + 0)/((-4)/(-42))?
1
Suppose 48*o - 10*o = -3*o. Suppose 10*i - 428 - 5442 = o. What is the units digit of i?
7
Suppose -45*n - 626355 = -760109 - 2030206. What is the thousands digit of n?
8
Let w be (-2)/6 + (-1)/(-3). Suppose w*p + 3*p - 15 = 0. What is the units digit of 52/(-20) + (-2)/p + 75?
2
Let b(x) = -6*x**2 - 2*x - 1. Let y be b(-2). Suppose 4*o - 90 = 2*o. Let f = o - y. What is the tens digit of f?
6
Let t(q) = 4428*q**2 + 3*q + 46. What is the ten thousands digit of t(-2)?
1
Suppose 4*g + 12 = 2*z, 0 + 6 = 4*z - 2*g. Suppose -3*y + f + 550 = z, 2*f + 736 = 4*y - 0*f. What is the units digit of y?
2
Let r(z) = -110*z**2 - 3*z + 14. Let o be r(5). Let b = -1468 - o. What is the tens digit of b?
8
Suppose -3*b + 492 = -3*f, -6*b - 3*f = -2*b - 621. Let l = 151 + b. What is the units digit of l?
0
Suppose -2*q + 11 = d, 6 = 3*d - 2*d + q. Suppose u - 1 = a + d, 4*a = 3*u - 8. Suppose u*w - 2*w = -5*x - 85, 137 = 3*w + 2*x. What is the units digit of w?
5
Suppose 17*v + 4051 = 32305. Suppose j + 527 = v. What is the units digit of j?
5
Let q(r) = 3*r**3 + r**2 + 11*r + 78. What is the tens digit of q(15)?
9
Let r(c) = c**3 - 5*c**2 - 12*c + 17. Let a be r(8). Let l = a + -47. What is the units digit of l?
6
Let b = 47 - 35. Let s(f) = f**2 + 8*f - 17. What is the tens digit of s(b)?
2
Suppose 5 = -5*k, -g + 2*k + 6944 = 886. What is the hundreds digit of g?
0
Let 